)?
3
Let y be (91980/54)/(-2 + 7/3). Suppose 223*u - 228*u = -y. What is the units digit of u?
2
Let g be 0 + (0 - -3 - 96) - -2. What is the units digit of (3 - g - (5 + -3)) + 2?
4
Let w(v) = 30*v**3 + 4*v**2 - 3*v - 4. Suppose 0 = 4*f - 4, f + 6 = 4*j - 1. What is the hundreds digit of w(j)?
2
Let p = -7464 + 10907. What is the tens digit of p?
4
Let d be (8 - 4) + -1 + 2. Suppose d*r - 2*r = 6. Suppose r*g + 176 = 4*g. What is the units digit of g?
8
Let i(x) = -24*x - 13. Let k be i(-4). Suppose 0 = 4*t - k - 89. Let b = 85 - t. What is the units digit of b?
2
Let h(j) = -70*j**3 + 33*j**2 + 143*j + 36. What is the units digit of h(-5)?
6
Let p(v) be the first derivative of 5*v**2/2 + 14*v + 36. Let d be p(-2). Suppose 0*l = d*l - 3*a - 802, -a = 2. What is the tens digit of l?
9
Suppose -2*p + 74 = 5*m, m - 3*p - 31 = 2*p. Suppose 0 = m*x - 17*x - 30. What is the units digit of (20/1)/((-5)/(x/4))?
0
Suppose 0 = -33*z + 61*z + 196. Let t(h) be the third derivative of -3*h**4/8 - 13*h**3/3 + h**2. What is the units digit of t(z)?
7
Let g(t) = -244*t + 59. Let p(m) = -1. Let i(r) = -g(r) - 6*p(r). What is the tens digit of i(2)?
3
Let a(z) = 279*z**3 + 12*z**2 - 83*z + 295. What is the tens digit of a(4)?
1
Let j(r) = 5*r**2 - 5*r - 7. Let p be j(-6). Suppose -p = -7*w + 6*w. Let o = 289 - w. What is the tens digit of o?
8
Let s(v) = -425*v - 1740. What is the units digit of s(-19)?
5
Suppose -3*p + 4*x = -10, -5*x + 16 = 3*p - 12. Suppose -2*y + 10 = p. Suppose 4*z + 3*a + 151 = 583, y*a = 4*z - 432. What is the units digit of z?
8
Let l(p) = 30*p**2 - 8*p + 8. Let g(j) = -4*j**2 - j + 1. Let y(a) = -5*g(a) + l(a). What is the hundreds digit of y(-5)?
2
Let v be (-2)/4*-52*(-605)/(-10). Suppose 7*n - 331 = v. What is the units digit of n?
2
Suppose -13 = 5*z - 8. Let y be z/2*(-85 - (0 + -3)). Suppose 2*t = y + 227. What is the hundreds digit of t?
1
Let g be 1 + -7 - (4 - 12). Suppose 3*l + 511 = g*n, -644 + 138 = -2*n + 4*l. What is the hundreds digit of n?
2
Let i be 1 + (228*10)/8. Suppose u - 2*v = i + 841, 0 = u + 5*v - 1134. What is the tens digit of u?
2
Let d(g) = 133*g + 18. Let r be d(3). Suppose 3*c - r + 2826 = 0. Let s = -563 - c. What is the units digit of s?
0
Let b = 62080 - 14708. What is the hundreds digit of b?
3
Let w(o) = o**3 - 26*o**2 - 28*o + 21. Let i be w(27). What is the hundreds digit of (-4)/56*i - 13024/(-56)?
2
Suppose -4*w - 2*n = -115722, -w + 41*n + 28928 = 42*n. What is the ten thousands digit of w?
2
Let y = 2221 + 2960. What is the hundreds digit of y?
1
Let k = -40058 + 58513. What is the thousands digit of k?
8
Suppose -3*h - p - 543 = 2*p, 4*p = 4*h + 684. Let s = h + 444. Suppose 4*n - s = 76. What is the units digit of n?
6
Let t = 1037 + 2. Let i = t - 460. What is the hundreds digit of i?
5
Let p(s) = -1298*s + 394. What is the ten thousands digit of p(-16)?
2
Let p(a) = 266*a - 26. Let u be p(16). Suppose 17*m = 7*m + u. What is the hundreds digit of m?
4
What is the hundreds digit of (1 - (-396)/44*(-2 - -1)) + 6299?
2
Let a be (-1)/(5530/1382 - 4). What is the tens digit of a/(-9) + 1*(-6)/(-27)?
7
Suppose 2*g + c + 2 = -0*c, 0 = 5*g - 3*c - 6. Suppose g = -8*m + 5*m + 9. Suppose 2*k - 85 = -m*k. What is the tens digit of k?
1
Let f = 8026 + -4091. What is the tens digit of f?
3
Let f be (-1 + 1)*4/4. Suppose 3*l - 201 + 42 = f. What is the units digit of 2*(l - -1) + 2*1?
0
Let b(h) = -7*h**3 - 4*h**2 + 12*h - 191. What is the tens digit of b(-14)?
6
Suppose 0 = -108*l + 117128 + 130255 + 279225. What is the tens digit of l?
7
Let k = -33 + 28. Let v be k/3 + 2/3 - -2. Let z = 32 + v. What is the units digit of z?
3
Let n(k) = -429*k + 99. Let i be n(-23). Suppose 27*x = 16*x + i. What is the hundreds digit of x?
9
Let a(u) = 385*u**2 - 71*u + 13. What is the tens digit of a(-6)?
9
Let s = -4441 - -10083. Suppose 0 = -4*t - 2*k + s, -66*t + 71*t = k + 7070. What is the hundreds digit of t?
4
Let l(k) = k**2 + 21*k - 41. Let d be l(-23). Suppose -d*v - 5*v = 170. Let b(a) = -a**2 - 18*a - 4. What is the units digit of b(v)?
3
Let h(j) = 501*j**2 - 62*j - 3. What is the hundreds digit of h(-5)?
8
Suppose -4*o = 7*o - 4070. Suppose o = 18*l - 134. What is the tens digit of l?
2
What is the units digit of (-1192848)/16*(-2)/6?
1
What is the hundreds digit of (-4)/(-8)*(1 + -3 + 2 - -16662)?
3
Suppose -5*g - 129 = -0*g + 3*u, -44 = 2*g + 5*u. Let t = 1828 - 1809. Let m = t - g. What is the units digit of m?
6
Let k(p) = -p**2 - 49*p - 41. Let t be k(-33). Let a = t + -331. What is the tens digit of a?
5
Suppose -53 - 32 = -5*h. Let m = h + -11. What is the tens digit of (-27)/(-18)*4/m - -28?
2
Suppose 0 = -2*h + 4*w + 2214, -16*h + 5*w = -20*h + 4428. Let a = h + -728. What is the tens digit of a?
7
Let s = 301 - 297. Suppose 0*d + 2*d = -s*w + 390, 4*w = 2*d - 390. What is the units digit of d?
5
Let a(d) = -d**3 + 30*d**2 - 64*d + 17. Let g(c) = -c**3 + 29*c**2 - 65*c + 15. Let o(x) = -3*a(x) + 4*g(x). What is the hundreds digit of o(22)?
4
Suppose 4*m = 34 - 58. What is the tens digit of (-1730)/m + -2 + (-20)/60?
8
Suppose -5*a = -2*m - 6*a + 1830, a = 0. Suppose -m = -23*l + 22*l. What is the units digit of l?
5
Suppose -3*m + 2*z - 7 = -3*z, 0 = -4*m - 2*z - 18. Suppose 0 = 5*t - 4*n + 376, 0 = 50*t - 53*t + 3*n - 228. What is the units digit of (6 - t/m)/(6/(-8))?
6
Let t(h) = -6*h**3 + 2*h**2 + 5*h + 8. Let s be 4/12 + (-38)/6 + 4. What is the units digit of t(s)?
4
Let b(z) = -15 - 4*z - 2 - 1 - 13. What is the tens digit of b(-11)?
1
Let f(u) = 5*u**3 - 7*u**2 + 17*u - 6. Let z(s) = 11*s**3 - 15*s**2 + 38*s - 11. Let g(b) = 5*f(b) - 2*z(b). What is the units digit of g(8)?
0
What is the thousands digit of -8 + 3 + -3 + 2 + 6575?
6
Let q be ((-12)/4 - -2)*-507. What is the hundreds digit of (5 - q)*-1 - 2?
5
Suppose -d = -3*z + 7*z - 108167, -2*z + 3*d = -54101. Suppose -3835 + z = 24*y. What is the hundreds digit of y?
9
Suppose -15*p = -6*p - 11349. Let c = 1863 - p. What is the tens digit of c?
0
Let f(x) = -478*x + 449. What is the tens digit of f(-17)?
7
Suppose 26 = 10*i + 6. Let n(j) = 56*j - 7. Let m be n(i). Let x = -54 + m. What is the units digit of x?
1
Let m = -547 - -662. Suppose -m*o + 122*o = 4529. What is the units digit of o?
7
Let l(w) be the second derivative of -w**4/12 + 14*w**3/3 - 31*w**2/2 + 6*w - 2. What is the hundreds digit of l(16)?
1
Suppose -f + 55*f - 2*f = 872300. What is the thousands digit of f?
6
Let m be (-2 + 1348/(-16))*(0 + -4). What is the tens digit of 1/((-12)/3 + m/86)?
8
Let k = 2998 - 804. Suppose -2270 - k = -6*h. What is the tens digit of h?
4
Suppose -3*w + 98295 = -3*i, 2*w - 2*i = 6*w - 131054. What is the ten thousands digit of w?
3
Suppose -51*j - 49*j = -103*j + 18831. What is the units digit of j?
7
Let h(c) = -14*c + 56. Let r = 223 + -231. What is the units digit of h(r)?
8
What is the ten thousands digit of (1245354/4)/(-33)*-2?
1
Suppose -3*h - 2*u = -4*u - 3871, 3*h - 3899 = -5*u. Suppose -2*m - 1987 = -3*w, w + 5*m - h = -w. What is the units digit of w?
9
Suppose -u + 89 = 4*g, 2*u - 38 = -3*g + 30. Suppose 77 = 11*m - g. What is the units digit of m?
9
Let z = 41370 + -23620. What is the hundreds digit of z?
7
Let j(g) = 4*g**2. Let h be j(1). Suppose 64*c - 61*c - 765 = 0. Suppose c = 5*w - h*x, 4*w - 84 = x + 131. What is the units digit of w?
5
Suppose 2*m - 3*z = -286, -566 = m + 3*m - 3*z. What is the tens digit of ((-729)/12)/(m/64 + 2)?
2
Let k(b) be the first derivative of b**4/4 + 13*b**3/3 + 13*b**2/2 + 6*b + 5. Let s(u) = -u**2 - 10*u - 35. Let q be s(-4). What is the units digit of k(q)?
5
Suppose 0 = z - c - 67, -8 = -5*z - 4*c + 291. Let u = 68 - z. Suppose -4*y + 3*d + 66 = 0, -y + u*d + 10 = d. What is the units digit of y?
8
Let a(i) = i**3 - 19*i**2 + 10*i - 61. Suppose -93 = 8*h - 245. What is the hundreds digit of a(h)?
1
Let o(a) = -a**3 - 23*a**2 - 32*a - 30. Suppose -5*k = -3*z - 41, -4*z + 3*z + 3*k = 7. What is the hundreds digit of o(z)?
1
Suppose 4*t + 4*q = -28, -56*t + 19 = -57*t - 4*q. What is the hundreds digit of (3 + 11 + t)/((-2)/(-106))?
5
Let k(t) = 31*t**2 + 2*t + 12. Let g be k(5). Let x = g - -329. What is the hundreds digit of x?
1
What is the thousands digit of 4/22 - (10 - 9781